20 - ((3 - 13) + 3)
-6
What is the value of (-1 - -1) + (2 - 0)?
2
What is the value of -5 + -5 + 7 + 1?
-2
Evaluate -4 + (7 - -2) + -1.
4
Evaluate -5 + (3 - (-8 + 2)).
4
What is the value of (-8 + (17 - 2) - 11) + 5?
1
-3 - (2 - (-3 - -8))
0
3 - (8 - -4) - -11
2
6 + 12 + -9 + 0
9
-15 + -2 + 6 - -10
-1
3 - -2 - -3 - 1
7
Calculate (-5 - -1) + 11 - 6.
1
Evaluate -5 - (-2 - 1 - (30 + -36)).
-8
Evaluate (7 - 3) + -8 + 9.
5
Calculate (-8 - -19) + -22 + 22.
11
Calculate -2 + 4 + 0 + 2 + -2.
2
Evaluate 4 - (-3 + 6 + -2) - 9.
-6
Evaluate 24 + -26 - (-2 - 5).
5
Evaluate -1 + 4 + -13 + 11.
1
Calculate 10 - (4 + (-3 - -9)).
0
-4 - 0 - (0 + -1 + -1)
-2
Calculate -16 + 16 + 0 + -2.
-2
What is the value of 3 + (-2 - (-5 - -1))?
5
5 + 4 - (0 + 4)
5
What is 4 + 2 + -1 + 1 + -7?
-1
Calculate 2 + 1 - (-7 - 0 - -13).
-3
Calculate -2 - ((-2 - 1) + -1 + 1).
1
What is the value of -6 + (4 + -3 - (3 - 7))?
-1
4 - ((4 + -1 - -5) + -1)
-3
What is the value of -5 - 0 - (5 + (-15 - -7))?
-2
What is the value of 5 + -5 + (1 - -2)?
3
Evaluate 1 + 2 + -3 + 0 + 3.
3
Calculate 11 + (15 + -6 - 27).
-7
What is (13 + 1 - 8) + -3 - -1?
4
What is the value of (2 - -2) + 0 - 8?
-4
What is the value of (-4 - -5) + -5 - 4?
-8
-5 + (5 + 2 - (-1 - -1))
2
Evaluate 0 - ((-2 - -3) + -2).
1
Evaluate 44 + -53 - (-1 - 4).
-4
What is -4 + (5 - 4) + 5?
2
What is 5 - ((7 - 7) + 2)?
3
Calculate 0 - (2 + -8) - 7.
-1
Evaluate 0 + 2 + 1 + 2.
5
What is the value of -18 + (4 - -7) + -3 + 18?
8
-4 - (3 + -8 - (-2 + 7))
6
Calculate -1 - 1 - (44 - 44).
-2
What is -2 + 1 + -4 + 0 + 0?
-5
What is the value of -8 + 9 - (1 + 2)?
-2
What is the value of 15 + -12 - (8 + -2)?
-3
What is the value of -4 + 3 + (2 - 4)?
-3
What is the value of -1 + 5 + (2 - (-3 + 7))?
2
Calculate -2 + -2 + 0 + -26 + 24.
-6
What is the value of -3 + 9 + -15 + 4?
-5
What is 6 + (-4 - (6 - 1))?
-3
Evaluate -7 + (0 + 0 + 1 - -2).
-4
Calculate -1 + 0 + 8 + -2.
5
Evaluate -4 + 0 - (104 - 115).
7
Evaluate -2 + (-2 - 0 - (9 + -14)).
1
What is the value of 5 + (3 - 2) + (-1 - 3)?
2
Calculate 6 - (1 + (5 - 4)).
4
Evaluate (-2 - -5) + 0 + -4 - -1.
0
2 - (1 + -6) - 4 - -2
5
What is 7 + (13 + -18 - (10 - 2))?
-6
12 + -18 - (-2 - (0 + 3))
-1
What is -4 + -3 + 9 + 3?
5
Evaluate -2 - (-9 + 6) - 6.
-5
What is -3 + 7 + 5 + -8 - -4?
5
What is the value of 14 + -3 + -5 - 2?
4
9 + -4 + 3 - 2 - 3
3
Evaluate 3 - 5 - (-2 + 2 + -6).
4
10 + -2 - 3 - 3
2
What is (5 - (9 - 14)) + -14?
-4
Calculate -3 - 2 - (5 - 15).
5
Evaluate 2 + 4 + (-23 - -17).
0
What is -4 + 0 + 0 + -1 + 6?
1
What is (0 + 3 - -3) + 7 + -9?
4
Calculate -4 + 8 + -8 + 9 + 0.
5
(-12 + 5 - -2) + 1 - 3
-7
What is the value of 3 + -11 + 4 + 6?
2
50 - 52 - (-1 - -1)
-2
What is -5 + (-14 + 10 - (-3 + -1))?
-5
Calculate 0 - (1 + -1 + 0).
0
Calculate -6 + 1 - (0 + 0).
-5
What is -95 + 90 - (1 + -1)?
-5
Evaluate -7 + 7 + 1 - -1.
2
What is 5 + -3 - -4 - 4?
2
Calculate (3 - 8) + (13 - 2 - 3).
3
What is -3 + (-10 - -7) + 6?
0
What is -5 + 12 - (-2 - -5)?
4
What is the value of -6 - (9 + (-12 - (-7 - -3)))?
-7
Evaluate (18 + -6 - 2) + -4.
6
Calculate -3 - 3 - ((-20 - -11) + -1).
4
Evaluate -5 + 2 + 11 + (-12 - 4).
-8
Calculate -2 + 3 - -3 - 0.
4
Calculate -11 - (-1 - (-1 - -1)).
-10
What is the value of (31 + -35 - (-1 - 7)) + 1?
5
What is the value of (15 - (2 + 0)) + 2 + -9?
6
Calculate 5 + -4 + 2 - -1.
4
Calculate 5 - 1 - (-3 + 9).
-2
What is the value of 2 + 2 + (14 - 18)?
0
-4 + (7 - 7) + -4 + 0
-8
-1 + -6 + (17 - (-16 - -19))
7
Calculate -5 + 5 + 1 + -3 - -8.
6
What is the value of -3 - (-11 + 4 + 0)?
4
Evaluate 7 + (-1 + 2 - 3) - 4.
1
Evaluate 1 + (4 - 5) + -4.
-4
-5 - -1 - (6 + -8 + 7)
-9
What is the value of (-46 - -25 - -15) + (15 - 1)?
8
What is 6 - (0 + (2 - -1) + -3)?
6
17 - 5 - 12 - -4
4
What is -27 - -22 - (2 + -1 + 0)?
-6
What is 2 - (0 + 4) - (30 + -40)?
8
What is the value of (15 - 21) + -3 + 2?
-7
What is the value of 5 + (6 - (8 - -7))?
-4
(3 - 0) + (-6 - 3) - -5
-1
What is (0 - -2) + (-1 - -2) - -2?
5
Evaluate -7 + (0 - (-6 + 3 - -1)).
-5
Evaluate -2 - (-9 - (-10 + 11)).
8
Calculate 0 - 0 - -2 - (-48 + 55).
-5
What is (5 - 6 - 1) + 0 + 4?
2
Calculate (-1 - -5) + 8 + -18 + 7.
1
What is the value of 0 + (10 - -6) + -9?
7
Calculate 8 + -8 + 1 - 4.
-3
Evaluate -2 + -9 - (20 + -27).
-4
Calculate 7 + 8 + -7 + (-3 - 0).
5
2 + (4 - (11 - 8))
3
What is the value of -5 + 0 + -4 + 6?
-3
What is the value of -12 + 6 - -5 - (-1 - 2)?
2
-6 - (7 + -2 + (1 - 10))
-2
Calculate 1 + -7 - (-4 + 2 + 6).
-10
Calculate -5 - (-4 + -5 - -7).
-3
9 - (-9 + 27 + -3)
-6
What is (-3 - -2) + -3 - (-3 - 1)?
0
Calculate -1 + -5 + 3 + 2 + -4.
-5
What is the value of -52 + 47 + (4 - -1)?
0
Calculate -2 - (1 + -2 + -4).
3
What is -1 + (9 - (-6 - -5)) + -5?
4
What is the value of -2 - (-6 + -3 + 12)?
-5
Evaluate 3 - ((-1 - 3) + 1 + 1).
5
What is the value of (-4 - 2) + 10 - 1?
3
Calculate 10 + -2 - -1 - 15.
-6
What is the value of 10 - ((5 - 12) + 10)?
7
What is the value of 7 - 13 - -3 - -11?
8
Calculate -21 - -24 - (-1 - -1) - 0.
3
What is (0 - -7) + -3 - 11?
-7
10 + -1 - 16 - -1
-6
(-7 - -12) + 4 + -4 + 0
5
Calculate 4 + -1 - (1 - (2 - 3)).
1
Calculate -8 + 0 + (6 - 4).
-6
What is the value of 0 + 0 + (30 - 31)?
-1
Calculate 1 + 0 - (9 + -2).
-6
6 + -1 + -7 - (6 + -5)
-3
(16 - 14) + (-6 - -2)
-2
1 - 0 - (-8 - -12)
-3
What is the value of -17 + (24 - 6) - (-3 + -1)?
5
What is the value of 2 - (3 + -1 - (46 - 50))?
-4
Calculate 2 + 4 - (1 + 4 + -5).
6
What is the value of 5 - (6 + -3 + -2 + 2)?
2
Evaluate 5 - (13 - (-5 - -9)) - -5.
1
What is -38 - -37 - (1 + 4)?
-6
(-2 - (2 + 0)) + 7
3
3 - (1 + (-4 - 1) - -2)
5
What is the value of -6 - ((-37 - -41) + -16 + 1)?
5
-3 - (-3 + 1) - 1
-2
What is the value of -6 + (0 - 2) + 13?
5
Calculate 48 + -45 - ((5 - -1) + -1).
-2
What is (8 - 7 - -1) + (-6 - -8)?
4
Calculate 9 - (3 + 0) - 4.
2
What is 1 + 1 + (-4 - 3)?
-5
What is (5 - (5 + 1)) + -2?
-3
What is -1 + (-4 - -4) + 6?
5
Calculate -1 + (4 - 7) - -4.
0
What is the value of -7 - (4 - 6) - -4?
-1
Evaluate 4 - (-3 - 0 - -10 - 3).
0
Evaluate -2 - (1 - 2) - (10 - 16).
5
3 + 2 + -1 - (8 + -3)
-1
What is 0 + (3 - 3) - 3?
-3
What is the value of 3 - (4 + -5 - 0)?
4
-2 - (2 + 0 - (4 + -1))
-1
What is the value of -3 - (-11 - 1) - 4?
5
Calculate 9 + 1 + 67 + -74.
3
What is -2 - (-4 + (-12 - -1) + 6)?
7
Calculate 4 + 4 + (-4 - 2).
2
What is the value of (0 + 1 - 2) + (35 - 34)?
0
Calculate 8 + -3 - (11 - (6 + 0)).
0
Evaluate -9 - (4 + -14 + 8).
-7
What is 4 + 5 + -2 + -6 + -4?
-3
What is the value of (0 - (0 - (0 - -1))) + 0?
1
Evaluate (-3 - (2 + -1)) + -10 + 19.
5
What is (-8 - -4 - -10) + -1?
5
9 + -11 - (1 + -1)
-2
What is the value of (13 - 8 - -1) + -2?
4
Evaluate 12 - 10 - (0 - 5) - 11.
-4
What is the value of -1 - (1 + -1 + -4)?
3
Evaluate (4 + 0 + 2 - 2) + -9.
-5
Calculate 7 - (1 + 3) - 1.
2
Evaluate (1 - 0) + -3 + (6 - 3).
1
What is the value of -11 + 16 + (0 - (5 + -1))?
1
Evaluate -4 - (-6 + 1 - 1).
2
Calculate 1 + -1 + (-78 - -75).
-3
0 + 2 + -2 + (-1 - 4)
-5
-3 + -12 + 19 + -8
-4
Evaluate -1 - (0 + -2 - -11).
-10
What is the value of -2 + -2 + 2 + (21 - 16)?
3
Evaluate 3 - 9 - (1 - 5).
-2
Evaluate 3 + -5 - (8 - 20).
10
0 + -3 + -1 + 0 + 4
0
Calculate 6 + 3 + -3 - -5 - 3.
8
4 - (2 + 1) - 0
1
0 - 0 - (5 - (-9 - -4))
-10
Evaluate 3 - 0 - 21 - (67 + -75).
-10
What is the value of 0 + 1 + -14 + (5 - -8)?
0
What is the value of 8 + (-11 + 13 - 8)?
2
Calculate (-6 - -5) + (0 - 3 - -4).
0
3 + 1 + 37 + -39
2
What is 2 - (-2 - (-3 - (4 + 1)))?
-4
Evaluate (5 - (1 - 0)) + 39 + -42.
1
-2 + (2 + (-1 - -2) - -4)
5
Evaluate -25 + (5 - -2) - -11.
-7
Calculate -8 + 3 - -4 - -1.
0
Evaluate -2 + -2 + (4 - 3).
-3
What is the value of 11 + -6 + -7 + 6 + -1?
3
-3 - (-3 - -1 - 2)
1
What is the value of -2 - ((-4 - 1) + 5)?
-2
Evaluate 0 - (0 - (0 + -1)) - -4.
3
Evaluate (-7 - -11) + 2 + -3 + 1.
4
Calculate -2 + (-3 - (0 - 1)).
-4
What is (-11 - -3) + 5 - -7?
4
Calculate (-9 - -6) + 7 - 2.
2
4 + 0 + -5 - (0 + 0)
-1
Evaluate -7 + 5 + 9 + 0 + -5.
2
Calculate -3 - -2 - (-7 + 7).
-1
-5 - (0 + (2 - 2))
-5
Calculate -8 + (-8 - (-19 + (-2 - -7))).
-2
What is the value of 3 - -3 - (-8 + (21 - 7))?
0
What is (-5 - -1) + (-4 - -11)?
3
(0 - (6 + -5)) + 4
3
Calculate (2 - -1) + -43 + 50 + -1.
9
Evaluate 0 + 1 - (23 + -21).
-1
(2 - (-10 - -7 - -17))